t y = -3995 - -4358. Calculate the highest common divisor of 231 and y.
33
Suppose -18*q - 745 = -133. Let w be 6/4 + 51/q. Suppose 2*x + 2*x + 4*b - 660 = w, -3*x + 4*b = -460. What is the greatest common factor of x and 40?
40
Let j(s) = s**3 - 19*s**2 - 20*s + 49. Suppose 12 = -3*p, 8 = w + 4*p - p. Let m be j(w). Calculate the greatest common factor of 196 and m.
49
Let n be ((112/20)/14)/(2/10). Let m be ((-5)/n + 1)/((-12)/2688). Calculate the highest common divisor of m and 48.
48
Suppose -25 = 5*k, 2*k = -9*r + 10*r - 231. Suppose 3*q - 15*q + 312 = 0. What is the highest common divisor of q and r?
13
Suppose 211*v + 10773 = 268*v. What is the highest common divisor of 7 and v?
7
Let j(b) = -b + 12. Let k be j(8). Let r = k - -11. Suppose 4*f + 1362 - 1374 = 0. Calculate the highest common factor of r and f.
3
Let h(t) = 66*t + 5. Let m(c) = 67*c + 7. Let l(b) = 4*h(b) - 3*m(b). Let y be l(3). Calculate the greatest common divisor of y and 141.
47
Suppose 4*l + 3 = -5*z, 3*l = 8*l + z - 12. Suppose -2*x + l*f + 77 = -260, 347 = 2*x - 5*f. What is the highest common divisor of x and 23?
23
Let s(r) = -5*r**2 - 8*r + 9. Let g(d) = d**2 - 3. Let m(w) = 4*g(w) + s(w). Let u be m(-6). What is the highest common factor of u and 171?
9
Suppose 0 = -128*b + 579963 - 138363. Calculate the highest common factor of 23 and b.
23
Suppose 4*l - 330 = 5*y, 2*y + 336 = 4*l - 0*y. Let m be (18/15 + 4)/((-75)/1125). Let b = l + m. Calculate the highest common divisor of b and 63.
7
Suppose 437*s - 442*s + z = -16, 4*z - 8 = 2*s. Calculate the greatest common divisor of 1366 and s.
2
Suppose 4*b + 2*y - 38 = 3*b, 5*b - 211 = -3*y. Let g(z) = -z**2 + 54*z - 706. Let d be g(26). What is the greatest common divisor of b and d?
22
Let r(a) = 148*a + 4. Let k be r(3). Let y(m) = 1031*m + 6214. Let c be y(-6). Calculate the greatest common factor of k and c.
28
Suppose -3*r - 73 = 2*v, v + 124 = 2*r - 7*r. Let z = 32 + r. Calculate the highest common divisor of z and 35.
7
Suppose -15*u + 49 - 94 = 0. Let q be (u/6 + 2)/((-5)/(-10)). Calculate the highest common divisor of 17 and q.
1
Suppose 5*h = 20, -5*u - 5*h - 282 = -1157. Let k = -38 - -57. Calculate the highest common factor of u and k.
19
Let a = -94 - -133. Suppose 2*o - 7 = 3*b - 6*b, b + 1 = -4*o. Suppose -52 = -4*z - 5*j, -3*j - a = -b*z - 0*j. What is the highest common divisor of z and 26?
13
Suppose 31*k - 18 = 22*k. Suppose 2*w + 376 = k*o, -w = -2*w + 1. What is the highest common factor of 81 and o?
27
Let j(t) = 2*t**2 + 5*t + 1. Suppose 11*f - 5*x - 35 = 15*f, -5*f - x = 28. Let c be j(f). What is the highest common factor of 208 and c?
26
Let g(j) = 1250*j + 14257. Let y be g(-9). Calculate the highest common divisor of y and 388.
97
Let w be (0*(-1)/(-2))/((-14)/2). Let v(l) = l**2 - 2*l - 1. Let k be v(-1). Suppose w = -k*p - p + 276. What is the greatest common divisor of p and 23?
23
Let s(m) = m**2 - 2*m. Suppose 3*k - 15 = -3. Let h be s(k). Let b(i) = -9*i + 27. Let y be b(-5). Calculate the highest common divisor of h and y.
8
Suppose -5*v = 12180 - 12220. Let s = -48 - -264. What is the highest common divisor of s and v?
8
Let b(s) = -5*s**2 - 15*s - 2. Let r(w) = w**2 - 1. Let q(i) = b(i) + 4*r(i). Let m be q(-6). Let o = m + -46. Calculate the greatest common factor of o and 3.
1
Let y be 1241/51 - 2/6. Let x be 2 + (5 - 2) + y + -6. Suppose 0 = 2*q - 4*o - 32, q + 6*o - o = x. Calculate the greatest common factor of q and 9.
9
Let g be (6/3)/(-7 - 17647/(-2520)). Suppose 106*z - 110*z = -g. Calculate the highest common divisor of 20 and z.
20
Let q(m) = -171*m - 50. Let n be q(-2). Let w = 396 - n. What is the highest common divisor of w and 130?
26
Let q = 34 + -22. Suppose v = -q + 39. Suppose 0 = -f - 2*z + v, -4*f - f + 5*z = -150. What is the greatest common factor of f and 29?
29
Let p be ((-34)/(-255))/(2/30). Suppose 2*i + 5*h + 31 = 141, 0 = h - p. Calculate the highest common divisor of 20 and i.
10
Let l(q) = 13*q - 11. Let k be l(1). Suppose 0 = -n - 1 - k, -x + 4*n = -34. What is the greatest common divisor of 341 and x?
11
Let h = 1056 - 336. Suppose 0 = -4*u + 2*b + 14 - 4, 5*u - 2*b = 14. Suppose -w + h = u*w. What is the highest common factor of w and 16?
16
Suppose 125*a + 35070 = 47629 + 43441. What is the highest common factor of 476 and a?
28
Let d(c) = c**3 + 23*c**2 + 10*c - 43. Let p be d(3). What is the highest common factor of 2108 and p?
17
Suppose w - 124 = 2*u - 0*w, 62 = -u - 2*w. Let y = -58 - u. Suppose 0 = -0*k + y*k - 28. Calculate the greatest common factor of 14 and k.
7
Let m(h) = 7*h - 48. Let k be (-2)/6*3*(2 - 14). Let f be m(k). What is the highest common factor of 4 and f?
4
Suppose -18*s + 16*s = -3*d - 765, 3*s + 3*d - 1125 = 0. What is the highest common factor of 7 and s?
7
Let z = 362 + -355. Let s be z/(-3) + (-372)/(-9). Let r = -70 + 343. What is the greatest common factor of s and r?
39
Let p = 30 - -26. Suppose -14*w + 5 = -9*w. Let a be (w/(-2))/(-1*(-1)/(-16)). Calculate the greatest common divisor of a and p.
8
Let m(f) = -f**3 - 2*f**2 + 6*f + 5. Let c be m(4). Let s be (c + -1)/(3/3*-2). Calculate the highest common divisor of 102 and s.
34
Let g be -16 + 5/((-25)/10). Let r be g*(15/(-3))/10. Suppose 87 + r = 5*t + 2*o, -2*t + 3*o = -46. What is the greatest common factor of 20 and t?
20
Let d be (7/2)/(2/4). Let h be 35/d + -4 + 235. Calculate the greatest common divisor of 8 and h.
4
Let z(r) = -7*r + 36. Let x be z(-22). Let f be 6/(-1 + 8/5). What is the highest common divisor of f and x?
10
Suppose 2*s + 4*j = 5*j - 158, 5*s + 382 = -4*j. Let m = 84 + s. Suppose m = 9*q - 6*q. What is the greatest common divisor of 2 and q?
2
Suppose -16 = -18*s + 14*s. Suppose 0 = -s*j - a + 802, 3*j - 28 = -2*a + 576. What is the highest common factor of 150 and j?
50
Let b = 350 + -348. Let g be 4346/30 - b*(-1)/15. Calculate the highest common factor of g and 87.
29
Suppose 0 = 17*m - 5936 + 3471. Calculate the highest common divisor of 35 and m.
5
Suppose 42*b = 41*b - 4*t, 3*b - 5*t = 51. Suppose b = 577*p - 574*p. Calculate the highest common factor of 128 and p.
4
Suppose 9*f - 3*m = 11*f - 4, 5*f = 3*m + 31. Suppose 2*p + 5*r = 17, -p + f*p + 4*r - 64 = 0. Calculate the highest common divisor of p and 49.
7
Suppose 5*i + 170 = 5*l, 3*i = 3*l + 4*i - 106. Let m be (931/l + (-3)/5)/2. What is the greatest common divisor of m and 104?
13
Let v(w) = w**3 + 21*w**2 + 88*w - 25. Let t be v(-15). Suppose -h - t*z + 7 = -34, 0 = -h + 2*z + 34. What is the greatest common factor of h and 9?
9
Let l(v) = 10*v**3 + 4*v**2 - 128*v + 377. Let r be l(3). Calculate the greatest common factor of r and 104.
13
Suppose 3*o = 3*a + 18, 4*a + 14 = 5*o + 3*a. Let q = 9 + 5. Suppose -8 = -u + b - 4*b, -2*b + q = 5*u. Calculate the greatest common factor of o and u.
2
Let u(n) = 9*n**2 + 60*n + 75. Let o be u(30). Let r be ((-2)/5)/((-15)/o). Calculate the highest common factor of r and 56.
14
Let u be 6/9 + 8/(-12). Let a be u + 15*10/25. Let m = -43 - -115. What is the greatest common factor of a and m?
6
Let y(b) = -2*b + 1. Let m be y(-5). Let i(f) = f**2 - 10*f + 3. Let p be i(-7). Let w = p + m. Calculate the highest common factor of w and 19.
19
Let v(m) = 152*m**2 + 3*m - 2. Let x be v(1). Let d = x + -257. Let j = d + 156. What is the highest common factor of j and 13?
13
Let b be (2 - 6)/(0 + -2). Let j(y) = y**2 + 6*y - 13. Let m be j(-11). Suppose 140*s - m = 137*s. Calculate the greatest common factor of s and b.
2
Let c = -2487 - -1505. Let u = -502 - c. Calculate the greatest common divisor of 10 and u.
10
Let n(l) = l**2 - 4. Let y be n(3). Let k be (-1)/1 + -58 + y. Let p = -22 - k. What is the greatest common factor of p and 128?
32
Suppose 3*x - 2*c - 379 = 0, -2*c + 637 = 5*x - 4*c. Let s = -123 + x. Calculate the greatest common factor of s and 18.
6
Suppose 3*t + 3*z - 1413 = 0, t + 0*z = 3*z + 459. Let g be (-56)/98 + (t/(-28))/(-3). What is the greatest common divisor of g and 9?
1
Let h be 3336163/981 - (22/(-18) + 1). Calculate the greatest common factor of 895 and h.
179
Let d be 2/(5*38/142215). What is the greatest common divisor of 33 and d?
3
Suppose -4*k + 20684 = -2*q, -4*k - q = -17359 - 3343. Calculate the 